{"id":837,"date":"2012-02-14T19:34:41","date_gmt":"2012-02-14T18:34:41","guid":{"rendered":"http:\/\/z52.vfdb.org\/?page_id=837"},"modified":"2019-01-11T17:24:15","modified_gmt":"2019-01-11T16:24:15","slug":"d-star","status":"publish","type":"page","link":"https:\/\/z52.vfdb.org\/?page_id=837","title":{"rendered":"Digitale Sprachbetriebsarten"},"content":{"rendered":"<p>Kurt OE1KBC (<a href=\"https:\/\/www.oevsv.at\/home\/\">\u00d6VSV<\/a>) hielt in \u00d6sterreich im Jahr 2018 einen Vortrag \u00fcber digitale Sprachbetriebsarten.\u00a0 Hiervon gibt es ein professionelles Video f\u00fcr Einsteiger. Es behandelt die Themen D-Star, C4FM, DMR und Co.<\/p>\n<p><iframe loading=\"lazy\" src=\"https:\/\/www.youtube.com\/embed\/av_IGnjqIic\" width=\"400\" height=\"227\" frameborder=\"0\" allowfullscreen=\"allowfullscreen\"><\/iframe><\/p>\n<p>&nbsp;<\/p>\n<p>Digitalfunk im Raum W\u00fcrzburg siehe nachfolgenden Link:<\/p>\n<p><a href=\"https:\/\/www.amateurfunk-unterfranken.org\/digitalfunk-wuerzburg\/\">https:\/\/www.amateurfunk-unterfranken.org\/digitalfunk-wuerzburg\/<\/a><\/p>\n<p>&nbsp;<\/p>\n<p>Joachim DG1NJ<\/p>\n<p style=\"text-align: left;\">\n","protected":false},"excerpt":{"rendered":"<p>Kurt OE1KBC (\u00d6VSV) hielt in \u00d6sterreich im Jahr 2018 einen Vortrag \u00fcber digitale Sprachbetriebsarten.\u00a0 Hiervon gibt es ein professionelles Video f\u00fcr Einsteiger. Es behandelt die Themen D-Star, C4FM, DMR und Co. &nbsp; Digitalfunk im Raum W\u00fcrzburg siehe nachfolgenden Link: https:\/\/www.amateurfunk-unterfranken.org\/digitalfunk-wuerzburg\/ &hellip; <a href=\"https:\/\/z52.vfdb.org\/?page_id=837\">Weiterlesen <span class=\"meta-nav\">&rarr;<\/span><\/a><\/p>\n","protected":false},"author":3,"featured_media":0,"parent":845,"menu_order":0,"comment_status":"closed","ping_status":"open","template":"","meta":{"footnotes":""},"class_list":["post-837","page","type-page","status-publish","hentry"],"_links":{"self":[{"href":"https:\/\/z52.vfdb.org\/index.php?rest_route=\/wp\/v2\/pages\/837","targetHints":{"allow":["GET"]}}],"collection":[{"href":"https:\/\/z52.vfdb.org\/index.php?rest_route=\/wp\/v2\/pages"}],"about":[{"href":"https:\/\/z52.vfdb.org\/index.php?rest_route=\/wp\/v2\/types\/page"}],"author":[{"embeddable":true,"href":"https:\/\/z52.vfdb.org\/index.php?rest_route=\/wp\/v2\/users\/3"}],"replies":[{"embeddable":true,"href":"https:\/\/z52.vfdb.org\/index.php?rest_route=%2Fwp%2Fv2%2Fcomments&post=837"}],"version-history":[{"count":56,"href":"https:\/\/z52.vfdb.org\/index.php?rest_route=\/wp\/v2\/pages\/837\/revisions"}],"predecessor-version":[{"id":1740,"href":"https:\/\/z52.vfdb.org\/index.php?rest_route=\/wp\/v2\/pages\/837\/revisions\/1740"}],"up":[{"embeddable":true,"href":"https:\/\/z52.vfdb.org\/index.php?rest_route=\/wp\/v2\/pages\/845"}],"wp:attachment":[{"href":"https:\/\/z52.vfdb.org\/index.php?rest_route=%2Fwp%2Fv2%2Fmedia&parent=837"}],"curies":[{"name":"wp","href":"https:\/\/api.w.org\/{rel}","templated":true}]}}